culate j(-9).
43
Let x(s) = -s**3 - 6*s**2 - 36. Calculate x(-7).
13
Let k(y) = y**2 + 81*y - 3035. What is k(-109)?
17
Let c(g) = -g**3 + g**2 + 2*g + 27. What is c(0)?
27
Let f(d) = -30*d**2 + 4*d + 2. Give f(-2).
-126
Let n(g) = g**3 + 2*g**2 - 20*g + 288. Determine n(-9).
-99
Let k(w) = 5*w**3 - 3*w**2 + 9*w + 11. Give k(-2).
-59
Let m(n) = -191*n + 2163. Calculate m(11).
62
Let p(d) = d**2 - 28*d + 90. Give p(22).
-42
Let v(d) = 3*d**2 - 84*d + 583. Give v(12).
7
Let u(v) = -v**2 - 2*v + 392. Give u(-19).
69
Let m(h) = 8*h**2 - 3*h - 21. Give m(-7).
392
Let a(x) = 77*x - 69. What is a(8)?
547
Let x(j) = j**2 + 164*j + 6600. Determine x(-66).
132
Let a(g) = 2162*g + 110261. What is a(-51)?
-1
Let r(w) = w**3 + 9*w**2 - 66*w - 370. Determine r(-12).
-10
Let x(q) = -22*q**2 - 269*q - 63. Calculate x(-12).
-3
Let d(k) = k**2 - 28*k - 115. Calculate d(35).
130
Let q(l) = -8*l**2 - 27*l - 22. Determine q(-2).
0
Let c(s) = -13*s**2 + 376*s + 360. What is c(30)?
-60
Let b(l) = -1233*l + 3611. Give b(3).
-88
Let p(x) = 123*x + 20. What is p(1)?
143
Let h(w) = -217*w + 2736. What is h(13)?
-85
Let v(i) = -i**2 + 3*i + 496. Give v(0).
496
Let i(p) = -p**2 - 9*p - 34. Give i(-13).
-86
Let o(c) = c**3 + 48*c**2 - 1730*c - 142. Determine o(-72).
2
Let g(u) = u**3 - 82*u**2 - 308*u + 4520. Give g(85).
15
Let t(y) = 58*y**2 + 20*y - 19. Give t(-3).
443
Let t(y) = -162*y**2 + 14*y. Determine t(2).
-620
Let n(j) = -j**3 - 3*j**2 - 2777*j - 5551. Give n(-2).
-1
Let z(k) = -35*k**2 - 385*k - 12. What is z(-11)?
-12
Let s(y) = 280*y - 27. Calculate s(2).
533
Let k(l) = -l**2 + 2*l - 15. Give k(41).
-1614
Let n(z) = 35*z + 1154. What is n(-33)?
-1
Let k(y) = y**2 + 63*y + 104. Give k(-61).
-18
Let g(j) = -2*j**3 + 29*j**2 - 125*j + 20. Calculate g(6).
-118
Let i(o) = -o**3 - 112*o**2 - 4*o - 106. Give i(-112).
342
Let d(t) = t**3 - 15*t**2 + 24*t + 14. Determine d(13).
-12
Let m(y) = y**3 + 33*y**2 - 185*y + 187. What is m(-38)?
-3
Let s(k) = -k**2 + 61*k - 786. Determine s(43).
-12
Let z(g) = g**3 + 21*g**2 + 95*g + 268. Give z(-16).
28
Let j(p) = -p**2 + 141*p - 4963. Give j(74).
-5
Let w(m) = -1355*m - 12200. Give w(-9).
-5
Let w(q) = 2*q**2 - 273*q - 3261. What is w(-11)?
-16
Let b(c) = -c**2 + 36*c - 250. Determine b(27).
-7
Let u(v) = -7*v**3 + 406*v**2 - 28. What is u(58)?
-28
Let o(d) = -2*d**3 - 27*d**2 - 5*d + 38. Determine o(-13).
-66
Let o(u) = -23*u - 221. Give o(-6).
-83
Let a(n) = 3*n**2 - 134*n - 642. Calculate a(49).
-5
Let h(t) = -10*t**3 + 56*t**2 - 22*t - 45. Give h(5).
-5
Let t(v) = 42*v**2 - 28*v + 1. Calculate t(-2).
225
Let u(o) = 21*o - 103. Calculate u(4).
-19
Let h(r) = r**3 - 16*r**2 - 43*r + 694. Calculate h(16).
6
Let i(t) = 26*t + 17. What is i(-4)?
-87
Let l(m) = -195*m + 2175. Determine l(15).
-750
Let m(i) = 2*i**3 - 22*i**2 + 4*i + 48. Give m(10).
-112
Let x(v) = 75*v**2 + 39*v + 40. Give x(-1).
76
Let w(k) = -3*k**2 + 27*k - 63. Give w(6).
-9
Let m(o) = -o**2 + 37*o - 100. Determine m(33).
32
Let f(i) = -i**3 + 13*i**2 - 24*i - 131. Determine f(9).
-23
Let y(t) = 7*t**3 - 849*t**2 + 246*t - 484. Determine y(121).
0
Let t(d) = 3*d**2 - 18*d + 7. Give t(10).
127
Let r(i) = -7295*i - 65670. Determine r(-9).
-15
Let w(r) = -2*r**2 - 18*r + 370. Determine w(-22).
-202
Let s(p) = 36*p**2 + p - 1. Determine s(1).
36
Let z(k) = -4*k**2 + 14*k + 917. Calculate z(21).
-553
Let o(p) = -24*p + 224. What is o(4)?
128
Let i(q) = 5*q**2 - 285*q - 295. Calculate i(58).
-5
Let t(d) = 36*d + 277. Determine t(-7).
25
Let p(f) = -f**3 + 16*f**2 - 22*f + 100. Determine p(15).
-5
Let y(p) = -p**2 + 6*p - 89. Calculate y(12).
-161
Let g(c) = 3*c**2 - 39*c + 160. Give g(7).
34
Let r(u) = 346*u**2 + 5*u - 2. What is r(1)?
349
Let i(r) = -14*r - 358. Calculate i(-25).
-8
Let m(c) = -c**2 + 313*c - 24381. What is m(166)?
21
Let l(i) = -3*i**3 + 6*i**2 + 10*i - 32. Calculate l(3).
-29
Let u(g) = g**3 - 32*g**2 - 68*g + 32. Determine u(34).
32
Let s(o) = -3*o**3 - 12*o**2 + 27*o + 160. Calculate s(-5).
100
Let n(p) = -p**2 - 30*p - 42. Determine n(-13).
179
Let c(s) = -204*s**3 + 4*s**2 + 3*s + 1. Give c(-1).
206
Let h(t) = 2418*t - 19334. Give h(8).
10
Let d(z) = 5*z**2 + 41*z + 41. Determine d(-11).
195
Let x(g) = 4*g**2 - 18*g + 32. What is x(8)?
144
Let u(t) = t**3 - 26*t**2 - 36*t + 201. Calculate u(27).
-42
Let p(y) = y**2 - 8*y - 252. Calculate p(21).
21
Let r(c) = 25*c - 328. Determine r(14).
22
Let f(a) = -8*a**3 - 10*a - 16. What is f(-3)?
230
Let x(w) = -36*w - 132. What is x(5)?
-312
Let b(z) = z**3 - 16*z**2 + 52*z - 10. Determine b(10).
-90
Let g(f) = -16*f - 791. Give g(-49).
-7
Let n(y) = -68*y + 1350. Calculate n(19).
58
Let v(n) = -n**3 - 22*n**2 - 94*n + 3. Give v(-6).
-9
Let v(i) = 9*i**2 - 6*i + 42. What is v(4)?
162
Let a(z) = 43*z**3 - 5*z**2 - 18*z + 46. Determine a(2).
334
Let r(b) = 4*b**3 - 16*b**2 + 15*b + 11. Calculate r(5).
186
Let c(z) = 2*z**3 + 156*z**2 + 157*z + 164. What is c(-77)?
-67
Let m(t) = -t**3 - 2*t**2 + 39*t + 112. What is m(-5)?
-8
Let k(u) = -3*u**2 - 71*u - 40. What is k(-24)?
-64
Let f(y) = 805*y + 8850. Calculate f(-11).
-5
Let l(t) = -744*t + 35712. Calculate l(48).
0
Let f(d) = -50*d + 1355. Determine f(24).
155
Let r(c) = -3*c**3 - c**2 + 16*c + 13. Calculate r(-3).
37
Let v(s) = -2*s**3 - 264*s**2 - 264*s - 243. What is v(-131)?
19
Let v(d) = 160*d - 16157. Calculate v(101).
3
Let r(a) = 68*a**3 - 433*a**2 - 434*a. What is r(-1)?
-67
Let n(y) = -2*y**3 + 92*y**2 + 92*y + 103. What is n(47)?
9
Let n(v) = -4*v**2 - 233*v - 364. What is n(-56)?
140
Let r(k) = 3*k**3 + 55*k**2 + 10*k - 3. Calculate r(-18).
141
Let g(x) = 2*x**3 + 13*x**2 - 4*x + 12. What is g(-7)?
-9
Let o(k) = 2*k**2 + 34*k - 31. Calculate o(-11).
-163
Let t(s) = -2*s**3 - 35*s**2 + 15*s - 50. Determine t(-18).
4
Let h(v) = 28*v - 196. Calculate h(9).
56
Let g(a) = 2*a**2 - 49*a - 57. Give g(24).
-81
Let a(w) = -3*w**2 - 3*w + 194. Determine a(9).
-76
Let u(t) = t**3 - 6*t**2 - 26*t + 199. Calculate u(6).
43
Let o(q) = -25*q**2 + 1577*q - 137. Calculate o(63).
-11
Let z(c) = -5*c**2 + 22*c + 5. Determine z(2).
29
Let d(a) = -2*a**2 - 4*a + 53. Calculate d(-6).
5
Let i(z) = -27*z**3 - 6*z**2 + 14*z + 4. Calculate i(2).
-208
Let v(d) = -d**2 - 413*d - 1231. What is v(-3)?
-1
Let d(o) = 3*o**3 - 17*o**2 + 13*o - 16. Give d(5).
-1
Let v(f) = -3*f**3 + 100*f**2 - 712*f - 33. Determine v(23).
-10
Let z(r) = 2*r**2 - 99*r - 7960. Calculate z(-43).
-5
Let t(u) = -181*u + 1618. What is t(9)?
-11
Let u(t) = -43*t - 9. Calculate u(1).
-52
Let r(f) = 289*f**2 + f - 1. Give r(1).
289
Let l(x) = -x**2 - 45*x - 512. Calculate l(-20).
-12
Let p(s) = s**2 + 71*s + 1012. Calculate p(-17).
94
Let y(q) = q**3 + 28*q**2 - 52*q + 7. What is y(-30)?
-233
Let h(l) = l**3 - 12*l**2 + 393*l - 4209. Give h(11).
-7
Let a(o) = -o**3 + 47*o**2 + 322*o - 64. Determine a(53).
148
Let j(k) = -k**2 - 37*k + 138. Calculate j(-40).
18
Let o(h) = h**2 + 247*h + 2359. What is o(-237)?
-11
Let p(r) = 383*r + 1912. Determine p(-5).
-3
Let d(x) = 29*x - 89. What is d(6)?
85
Let v(l) = -l**3 - 27*l**2 - 203*l - 438. Give v(-16).
-6
Let h(v) = -v**2 + 14*v + 54. Determine h(17).
3
Let m(l) = -l**3 - 565*l**2 - 2224*l + 81. Calculate m(-4).
1
Let q(j) = -6*j**2 + 10*j + 295. Calculate q(-6).
19
Let r(q) = 18*q + 1834. Determine r(-98).
70
Let p(q) = 3*q**3 + 12*q**2 - 60*q - 305. What is p(-6)?
-161
Let b(d) = 209*d + 1509. Give b(-7).
46
Let p(y) = y**3 + 6*y**2 - 13*y + 6. Calculate p(-6).
84
Let h(j) = 2*j**3 - 3*j**2 - 33*j + 110. Calculate h(4).
58
Let f(m) = m**2 - 63*m + 574. Determine f(8).
134
Let c(p) = -573*p - 10890. What is c(-19)?
-3
Let p(l) = -2*l**3 - 21*l**2 + 11*l - 16. Give p(-11).
-16
Let s(i) = 7*i**3 + 15*i**2 - 40*i - 13. Give s(3).
191
Let n(i) = -2*i**3 + 58*i**2 + i - 18. Give n(29).
11
Let o(u) = 2*u**2 - 16*u - 247. Determine o(16).
9
Let d(h) = -90*h - 1357. Calculate d(-15).
-7
Let z(i) = -i**2 + 149*i - 4845. Determine z(101).
3
Let r(q) = -2*q**2 + 104*q - 613. Calculate r(7).
17
Let n(b) = -356*b + 707. Calculate n(2).
-5
Let a(k) = 14*k - 2. Calculate a(0).
-2
Let p(j) = -7*j**3 - 44*j**2 + 43*j + 2. Give p(1).
-6
Let t(s) = -8*s**3 - 6*s**2 + 15*s + 3. Determine t(2).
-55
Let j(h) = -19*h**2 + 229*h + 91. What is j(12)?
103
Let w(l) = l**3